{"id":35,"date":"2018-10-24T21:27:36","date_gmt":"2018-10-24T19:27:36","guid":{"rendered":"http:\/\/64wa.de\/blog2\/?page_id=35"},"modified":"2018-11-24T22:02:22","modified_gmt":"2018-11-24T21:02:22","slug":"brauereitourist","status":"publish","type":"page","link":"http:\/\/64wa.de\/blog2\/brauereitourist\/","title":{"rendered":"Brauereitourist"},"content":{"rendered":"<p>Es ist schon einige Jahre her, dass der Begriff &#8222;Brauereitourismus&#8220; gepr\u00e4gt wurde. Im Jahr 2003 erholte sich meine Familie im Riesengebirge in der Tschechischen Republik &#8211; Urlaub im Freundesland. Unsere Gastgeber schickten uns zum Bierfest auf den Marktplatz von <a href=\"http:\/\/mestovrchlabi.cz\/de\/index.asp\" target=\"_blank\" rel=\"noopener\">Vrchlabi (ehemals Hohenelbe)<\/a>. Was soll ich Dir berichten: Auf dem Marktplatz reihte sich ein Bierwagen an den n\u00e4chsten. Es waren 12 Brauereien aus der Region vertreten und jede Brauerei pr\u00e4sentierte 2 &#8211; 3 verschiedene Biersorten. Wir bekamen kleine Stimmzettel in die Hand gedr\u00fcckt, die wir an dem Bierstand abgeben sollten, an welchem uns das Bier am besten schmeckt.<\/p>\n<p>Da Standen wir nun vor der Herausforderung aus \u00fcber 24 Bieren das &#8222;beste&#8220; auszuw\u00e4hlen. Irgendwie waren wir \u00fcberfordert! Trotzdem k\u00e4mpften wir und obwohl wir l\u00e4ngst nicht alle Sorten probierten, lagen wir mit unserem Geschmack richtig, denn unser Favorit, die <a href=\"https:\/\/www.pivovar-krakonos.cz\/index.htm\" target=\"_blank\" rel=\"noopener\">Brauerei Krkonos aus Trutnov<\/a> gewann den Wettbewerb.<\/p>\n<p>Dieses Bierfest findet immer am 2. Wochenende im August statt. Der Betreiber hat sich in den vergangenen Jahren mehrfach ge\u00e4ndert und damit auch die Internetseite. Deshalb setze ich hier keinen Link. Wenn es Dich interessiert, frag Google.<\/p>\n<div id=\"attachment_50\" style=\"width: 160px\" class=\"wp-caption alignleft\"><img loading=\"lazy\" decoding=\"async\" aria-describedby=\"caption-attachment-50\" class=\"wp-image-50 size-thumbnail\" src=\"http:\/\/64wa.de\/blog2\/wp-content\/uploads\/2018\/11\/kobr01-150x150.jpg\" alt=\"\" width=\"150\" height=\"150\" \/><p id=\"caption-attachment-50\" class=\"wp-caption-text\">Bild Kobr<\/p><\/div>\n<p>Wir haben das Bierfest in Vrchlabi noch mehrfach besucht. Meist verbanden wir den Besuch mit einem Kurzurlaub im Riesengebirge. Unsere Unterkunft, die <a href=\"http:\/\/www.pensionkobr.cz\/de\/\" target=\"_blank\" rel=\"noopener\">Penzion Kobr<\/a>,\u00a0 empfehle ich gern weiter. Die Preise von 14 &#8211; 16 Euro pro Person sind auch heute noch sehr vertr\u00e4glich. Fr\u00fchst\u00fcck kann dazu gebucht werden. Bei uns gab es immer frische H\u00f6rnchen und frisches Brot und wir konnten ordentlich gest\u00e4rkt in den Tag starten.<\/p>\n<p>Hier entstand auch die Idee, die Brauereien zu besuchen und der Begriff Brauereitourismus wurde geboren. Immer wenn wir jetzt unterwegs sind, versuchen wir die &#8222;Biere dieser Welt&#8220; kennenzulernen. Leider beschr\u00e4nken sich die Brauereibesuche meist auf die Urlaubszeit, aber das ist vielleicht auch gut so.<\/p>\n<p>In lockerer Folge werde ich hier nun einige Brauereien, nicht nur aus Tschechien,\u00a0 vorstellen und unsere Eindr\u00fccke schildern.<\/p>\n<p>Aber jetzt erst einmal Prost und auf die Gesundheit!<\/p>\n","protected":false},"excerpt":{"rendered":"<p>Es ist schon einige Jahre her, dass der Begriff &#8222;Brauereitourismus&#8220; gepr\u00e4gt wurde. Im Jahr 2003 erholte sich meine Familie im Riesengebirge in der Tschechischen Republik &#8211; Urlaub im Freundesland. Unsere Gastgeber schickten uns zum Bierfest auf den Marktplatz von Vrchlabi &hellip; <a href=\"http:\/\/64wa.de\/blog2\/brauereitourist\/\">Weiterlesen <span class=\"meta-nav\">&rarr;<\/span><\/a><\/p>\n","protected":false},"author":2,"featured_media":0,"parent":0,"menu_order":0,"comment_status":"closed","ping_status":"closed","template":"page-sidebar.php","meta":{"footnotes":""},"class_list":["post-35","page","type-page","status-publish","hentry"],"_links":{"self":[{"href":"http:\/\/64wa.de\/blog2\/wp-json\/wp\/v2\/pages\/35","targetHints":{"allow":["GET"]}}],"collection":[{"href":"http:\/\/64wa.de\/blog2\/wp-json\/wp\/v2\/pages"}],"about":[{"href":"http:\/\/64wa.de\/blog2\/wp-json\/wp\/v2\/types\/page"}],"author":[{"embeddable":true,"href":"http:\/\/64wa.de\/blog2\/wp-json\/wp\/v2\/users\/2"}],"replies":[{"embeddable":true,"href":"http:\/\/64wa.de\/blog2\/wp-json\/wp\/v2\/comments?post=35"}],"version-history":[{"count":10,"href":"http:\/\/64wa.de\/blog2\/wp-json\/wp\/v2\/pages\/35\/revisions"}],"predecessor-version":[{"id":69,"href":"http:\/\/64wa.de\/blog2\/wp-json\/wp\/v2\/pages\/35\/revisions\/69"}],"wp:attachment":[{"href":"http:\/\/64wa.de\/blog2\/wp-json\/wp\/v2\/media?parent=35"}],"curies":[{"name":"wp","href":"https:\/\/api.w.org\/{rel}","templated":true}]}}